ded by 48.
17
Calculate the remainder when 10577 is divided by 41.
40
Calculate the remainder when 156 is divided by 16.
12
Calculate the remainder when 554 is divided by 112.
106
What is the remainder when 2170 is divided by 179?
22
What is the remainder when 240 is divided by 19?
12
Calculate the remainder when 969 is divided by 8.
1
Calculate the remainder when 151 is divided by 51.
49
What is the remainder when 33 is divided by 12?
9
Calculate the remainder when 2735 is divided by 909.
8
Calculate the remainder when 2214 is divided by 1102.
10
What is the remainder when 430 is divided by 2?
0
Calculate the remainder when 7128 is divided by 29.
23
What is the remainder when 151 is divided by 51?
49
Calculate the remainder when 1081 is divided by 100.
81
Calculate the remainder when 227 is divided by 51.
23
What is the remainder when 113 is divided by 31?
20
Calculate the remainder when 134 is divided by 93.
41
What is the remainder when 2440 is divided by 47?
43
Calculate the remainder when 668 is divided by 3.
2
Calculate the remainder when 22 is divided by 4.
2
What is the remainder when 140 is divided by 27?
5
Calculate the remainder when 183 is divided by 27.
21
Calculate the remainder when 3292 is divided by 3278.
14
Calculate the remainder when 680 is divided by 230.
220
What is the remainder when 314 is divided by 10?
4
What is the remainder when 431 is divided by 42?
11
What is the remainder when 5845 is divided by 1948?
1
Calculate the remainder when 392 is divided by 15.
2
Calculate the remainder when 392 is divided by 341.
51
What is the remainder when 191 is divided by 65?
61
Calculate the remainder when 1093 is divided by 15.
13
What is the remainder when 230 is divided by 87?
56
Calculate the remainder when 184 is divided by 79.
26
Calculate the remainder when 53 is divided by 18.
17
What is the remainder when 3325 is divided by 139?
128
Calculate the remainder when 917 is divided by 120.
77
What is the remainder when 9149 is divided by 176?
173
Calculate the remainder when 319 is divided by 97.
28
Calculate the remainder when 5917 is divided by 11.
10
Calculate the remainder when 124 is divided by 39.
7
Calculate the remainder when 167 is divided by 27.
5
What is the remainder when 14705 is divided by 114?
113
What is the remainder when 163 is divided by 55?
53
Calculate the remainder when 2519 is divided by 63.
62
What is the remainder when 739 is divided by 14?
11
Calculate the remainder when 141 is divided by 12.
9
What is the remainder when 100 is divided by 30?
10
What is the remainder when 152 is divided by 16?
8
What is the remainder when 393 is divided by 39?
3
What is the remainder when 6839 is divided by 38?
37
Calculate the remainder when 120 is divided by 29.
4
What is the remainder when 474 is divided by 130?
84
What is the remainder when 207 is divided by 44?
31
What is the remainder when 170 is divided by 59?
52
Calculate the remainder when 360 is divided by 23.
15
What is the remainder when 2793 is divided by 12?
9
Calculate the remainder when 71 is divided by 32.
7
What is the remainder when 547 is divided by 56?
43
What is the remainder when 898 is divided by 18?
16
Calculate the remainder when 237 is divided by 65.
42
What is the remainder when 148 is divided by 5?
3
Calculate the remainder when 3513 is divided by 19.
17
Calculate the remainder when 1582 is divided by 48.
46
What is the remainder when 3134 is divided by 165?
164
What is the remainder when 187 is divided by 21?
19
What is the remainder when 329 is divided by 123?
83
What is the remainder when 129 is divided by 75?
54
Calculate the remainder when 447 is divided by 164.
119
What is the remainder when 490 is divided by 30?
10
Calculate the remainder when 371 is divided by 63.
56
What is the remainder when 697 is divided by 100?
97
What is the remainder when 188 is divided by 78?
32
Calculate the remainder when 1316 is divided by 37.
21
What is the remainder when 352 is divided by 54?
28
What is the remainder when 580 is divided by 53?
50
Calculate the remainder when 97 is divided by 62.
35
Calculate the remainder when 77 is divided by 41.
36
What is the remainder when 681 is divided by 31?
30
What is the remainder when 68 is divided by 20?
8
Calculate the remainder when 21757 is divided by 47.
43
What is the remainder when 488 is divided by 41?
37
Calculate the remainder when 1008 is divided by 51.
39
What is the remainder when 3247 is divided by 50?
47
What is the remainder when 1401 is divided by 18?
15
What is the remainder when 173 is divided by 88?
85
Calculate the remainder when 558 is divided by 17.
14
Calculate the remainder when 91 is divided by 14.
7
What is the remainder when 329 is divided by 105?
14
What is the remainder when 991 is divided by 267?
190
Calculate the remainder when 2354 is divided by 62.
60
What is the remainder when 622 is divided by 48?
46
Calculate the remainder when 2034 is divided by 225.
9
Calculate the remainder when 234 is divided by 125.
109
What is the remainder when 3146 is divided by 48?
26
What is the remainder when 6001 is divided by 78?
73
What is the remainder when 169 is divided by 14?
1
Calculate the remainder when 1298 is divided by 34.
6
Calculate the remainder when 878 is divided by 89.
77
Calculate the remainder when 505 is divided by 39.
37
Calculate the remainder when 1277 is divided by 40.
37
What is the remainder when 3531 is divided by 38?
35
What is the remainder when 103 is divided by 34?
1
What is the remainder when 500 is divided by 107?
72
Calculate the remainder when 67 is divided by 49.
18
What is the remainder when 6013 is divided by 64?
61
Calculate the remainder when 3917 is divided by 140.
137
Calculate the remainder when 1296 is divided by 33.
9
What is the remainder when 424 is divided by 6?
4
Calculate the remainder when 1449 is divided by 4.
1
What is the remainder when 143 is divided by 19?
10
Calculate the remainder when 91 is divided by 3.
1
Calculate the remainder when 163 is divided by 17.
10
What is the remainder when 143 is divided by 18?
17
Calculate the remainder when 1102 is divided by 17.
14
What is the remainder when 83 is divided by 14?
13
What is the remainder when 325 is divided by 55?
50
Calculate the remainder when 9021 is divided by 188.
185
What is the remainder when 942 is divided by 16?
14
Calculate the remainder when 12847 is divided by 44.
43
What is the remainder when 214 is divided by 144?
70
What is the remainder when 798 is divided by 55?
28
What is the remainder when 72 is divided by 13?
7
What is the remainder when 6440 is divided by 140?
0
Calculate the remainder when 1286 is divided by 43.
39
Calculate the remainder when 233 is divided by 11.
2
What is the remainder when 7941 is divided by 24?
21
Calculate the remainder when 284 is divided by 27.
14
Calculate the remainder when 143 is divided by 39.
26
Calculate the remainder when 110 is divided by 67.
43
Calculate the remainder when 331 is divided by 35.
16
What is the remainder when 63 is divided by 21?
0
Calculate the remainder when 37 is divided by 11.
4
What is the remainder when 9 is divided by 8?
1
Calculate the remainder when 2272 is divided by 740.
52
Calculate the remainder when 49 is divided by 27.
22
Calculate the remainder when 1861 is divided by 38.
37
Calculate the remainder when 153 is divided by 16.
9
Calculate the remainder when 202 is divided by 195.
7
What is the remainder when 39 is divided by 10?
9
What is the remainder when 154 is divided by 19?
2
Calculate the remainder when 122 is divided by 42.
38
What is the remainder when 87 is divided by 23?
18
What is the remainder when 188 is divided by 33?
23
What is the remainder when 6671 is divided by 51?
41
What is the remainder when 301 is divided by 61?
57
Calculate the remainder when 17 is divided by 15.
2
What is the remainder when 9453 is divided by 37?
18
Calculate the remainder when 983 is divided by 164.
163
What is the remainder when 90 is divided by 54?
36
Calculate the remainder when 837 is divided by 277.
6
What is the remainder when 1867 is divided by 403?
255
Calculate the remainder when 163 is divided by 84.
79
Calculate the remainder when 440 is divided by 34.
32
Calculate the remainder when 63 is divided